mon factor of 49 and 2989?
49
Calculate the greatest common factor of 10952 and 8.
8
What is the highest common divisor of 360 and 2664?
72
Calculate the highest common divisor of 3565 and 23.
23
What is the highest common factor of 219 and 73?
73
What is the highest common factor of 14 and 1981?
7
Calculate the greatest common factor of 220 and 140.
20
Calculate the highest common divisor of 13329 and 9.
9
What is the greatest common factor of 163 and 38?
1
What is the greatest common factor of 665 and 855?
95
Calculate the greatest common factor of 3498 and 424.
106
Calculate the highest common factor of 2024 and 345.
23
Calculate the highest common divisor of 14 and 2506.
14
What is the highest common divisor of 525 and 1365?
105
Calculate the highest common divisor of 72 and 60.
12
Calculate the greatest common divisor of 96 and 96.
96
Calculate the greatest common factor of 99 and 176.
11
Calculate the greatest common divisor of 16 and 144.
16
Calculate the highest common factor of 700 and 210.
70
What is the greatest common divisor of 384 and 1856?
64
Calculate the greatest common factor of 252 and 441.
63
What is the highest common factor of 3392 and 53?
53
Calculate the greatest common factor of 5828 and 376.
188
What is the greatest common divisor of 225 and 90?
45
Calculate the greatest common divisor of 69 and 391.
23
What is the highest common divisor of 4 and 4?
4
Calculate the highest common divisor of 153 and 14841.
153
What is the greatest common factor of 1232 and 16?
16
What is the highest common divisor of 245 and 20?
5
Calculate the greatest common factor of 56 and 1834.
14
Calculate the highest common divisor of 14 and 8.
2
What is the greatest common factor of 262 and 2489?
131
Calculate the highest common divisor of 9638 and 122.
122
What is the greatest common divisor of 7 and 1925?
7
Calculate the highest common factor of 396 and 414.
18
What is the highest common divisor of 3480 and 75?
15
Calculate the highest common factor of 2691 and 2277.
207
What is the greatest common factor of 150 and 780?
30
Calculate the highest common factor of 572 and 52.
52
What is the greatest common factor of 21462 and 882?
294
Calculate the greatest common factor of 189 and 63.
63
Calculate the greatest common factor of 98 and 14.
14
What is the greatest common divisor of 17 and 289?
17
What is the highest common divisor of 126 and 54?
18
What is the greatest common factor of 1292 and 187?
17
Calculate the highest common factor of 23 and 598.
23
What is the highest common divisor of 765 and 27?
9
Calculate the highest common factor of 8905 and 65.
65
Calculate the greatest common divisor of 6 and 147.
3
Calculate the highest common divisor of 736 and 322.
46
Calculate the highest common factor of 76 and 361.
19
Calculate the highest common factor of 58 and 522.
58
Calculate the highest common divisor of 1911 and 399.
21
What is the highest common factor of 187 and 143?
11
Calculate the highest common factor of 18 and 747.
9
What is the highest common divisor of 2009 and 35?
7
Calculate the highest common factor of 1494 and 63.
9
What is the highest common factor of 2674 and 14?
14
Calculate the highest common divisor of 30 and 1020.
30
What is the highest common factor of 50 and 2575?
25
What is the greatest common factor of 25 and 10?
5
What is the greatest common factor of 84 and 7248?
12
What is the highest common divisor of 81 and 270?
27
What is the greatest common factor of 9 and 12?
3
Calculate the greatest common divisor of 2049 and 1.
1
Calculate the highest common factor of 663 and 156.
39
Calculate the greatest common divisor of 33 and 66.
33
Calculate the highest common divisor of 4279 and 33.
11
Calculate the greatest common factor of 183 and 5673.
183
What is the greatest common factor of 237 and 1027?
79
Calculate the greatest common divisor of 30 and 230.
10
Calculate the highest common factor of 276 and 3726.
138
What is the greatest common divisor of 264 and 24?
24
Calculate the greatest common factor of 10 and 334.
2
Calculate the highest common divisor of 162 and 18.
18
What is the highest common factor of 18 and 4689?
9
What is the greatest common divisor of 2457 and 910?
91
Calculate the greatest common divisor of 60 and 7230.
30
Calculate the greatest common divisor of 26 and 4238.
26
Calculate the greatest common factor of 553 and 237.
79
What is the highest common divisor of 7574 and 14?
14
Calculate the highest common divisor of 1990 and 50.
10
Calculate the highest common divisor of 4528 and 3679.
283
What is the highest common factor of 2790 and 20?
10
What is the greatest common divisor of 539 and 21?
7
Calculate the highest common divisor of 30450 and 28.
14
What is the greatest common divisor of 2121 and 8787?
303
What is the highest common divisor of 1120 and 60?
20
Calculate the highest common factor of 2 and 5.
1
What is the highest common divisor of 171 and 63?
9
What is the highest common divisor of 5 and 295?
5
What is the highest common divisor of 497 and 7?
7
Calculate the greatest common factor of 12500 and 100.
100
Calculate the greatest common factor of 976 and 366.
122
Calculate the greatest common divisor of 11 and 4.
1
What is the highest common divisor of 8245 and 34?
17
What is the highest common divisor of 1188 and 528?
132
Calculate the greatest common factor of 333 and 243.
9
What is the greatest common factor of 6751 and 157?
157
Calculate the highest common factor of 108 and 36.
36
What is the greatest common factor of 9 and 549?
9
Calculate the highest common divisor of 198 and 22374.
198
Calculate the highest common divisor of 5750 and 2250.
250
What is the greatest common divisor of 744 and 24?
24
Calculate the greatest common divisor of 323 and 3961.
17
Calculate the highest common divisor of 231 and 33.
33
What is the greatest common factor of 3910 and 680?
170
Calculate the highest common divisor of 368 and 16.
16
What is the highest common divisor of 51 and 2329?
17
Calculate the greatest common factor of 230 and 685.
5
Calculate the greatest common divisor of 255 and 45.
15
Calculate the highest common factor of 84 and 392.
28
What is the highest common factor of 40975 and 11?
11
Calculate the greatest common divisor of 13671 and 2232.
279
What is the greatest common divisor of 96 and 36?
12
Calculate the greatest common divisor of 1312 and 104.
8
Calculate the highest common factor of 476 and 2044.
28
Calculate the greatest common divisor of 403 and 39.
13
What is the greatest common divisor of 472 and 649?
59
What is the greatest common factor of 105 and 105?
105
Calculate the greatest common divisor of 2 and 2.
2
What is the highest common divisor of 44 and 1292?
4
Calculate the highest common divisor of 308 and 1001.
77
Calculate the highest common factor of 15248 and 24.
8
What is the greatest common divisor of 1197 and 42?
21
What is the highest common factor of 108 and 24?
12
Calculate the greatest common divisor of 400 and 50.
50
What is the highest common divisor of 153 and 27?
9
Calculate the greatest common factor of 33 and 11.
11
What is the highest common factor of 616 and 1312?
8
Calculate the greatest common factor of 188 and 9588.
188
Calculate the highest common factor of 66 and 1738.
22
Calculate the greatest common divisor of 31320 and 108.
108
What is the highest common factor of 5251 and 354?
59
What is the greatest common factor of 99 and 231?
33
Calculate the greatest common divisor of 360 and 6160.
40
Calculate the greatest common divisor of 9113 and 13.
13
Calculate the highest common divisor of 1350 and 54.
54
Calculate the greatest common factor of 12 and 44.
4
Calculate the greatest common divisor of 540 and 27.
27
Calculate the greatest common divisor of 5 and 685.
5
Calculate the highest common divisor of 1748 and 828.
92
What is the greatest common divisor of 2896 and 5249?
181
What is the highest common divisor of 334 and 27889?
167
Calculate the highest common divisor of 3978 and 3744.
234
Calculate the highest common divisor of 466 and 35649.
233
What is the highest common divisor of 3909 and 3?
3
What is the highest common divisor of 13699 and 133?
133
Calculate the greatest common divisor of 2550 and 3774.
102
Calculate the highest commo